t i(c) = 3*c**2 + 9*c - 3. What is the units digit of i(-4)?
9
Let y(l) = l. Let w be y(1). Let t = w + 13. What is the tens digit of t?
1
Suppose -2*k - 454 = -5*k - 4*m, 0 = -k + 3*m + 173. What is the units digit of k?
8
Let c(m) = m**3 - 2*m**2 - 2*m - 1. Let s be c(3). Suppose 0 = 4*o - 2*o - 20. Suppose 2*f - o = -s*d, -5*d - f + 13 = -20. What is the units digit of d?
7
Let j be 9 - (-4 - -1) - 0. What is the units digit of 10*(j/(-15) - -2)?
2
Suppose t + 6 + 2 = 0. Let l(c) = -c**3 - 9*c**2 - 11*c - 3. What is the units digit of l(t)?
1
Let q(v) = -v**3 - 4*v**2 - 4*v - 6. What is the tens digit of q(-4)?
1
Let s(w) = w**3 - 13*w**2 - w + 12. Let x be s(13). What is the units digit of x/4 + (-39)/(-12)?
3
Suppose 3*q - 231 = -5*p, -4*p = p + 15. What is the units digit of q?
2
Let n be (-6 - -4) + -6*5. Let s(r) = r**2 - 3*r + 3. Let d be s(4). What is the units digit of (-2)/d + n/(-14)?
2
Suppose 2*u - 4*l - 34 = u, 0 = 3*u + 5*l - 51. What is the units digit of u?
2
Suppose -2*h + 51 = -h - 5*b, -2*h = 2*b - 54. What is the units digit of h?
1
What is the tens digit of (1 - 399)*2/(-4)?
9
Let g(q) be the first derivative of -q**2 - 9*q + 6. What is the units digit of g(-6)?
3
What is the tens digit of ((-104)/(-10))/(4/10)?
2
Let q = 22 - 21. What is the tens digit of (-2 - -31) + (-1)/q?
2
Let s = -7 + 16. Let x be (-3)/(s/6) - -1. Let d(m) = 6*m**2 + 1. What is the units digit of d(x)?
7
Let h be ((-1)/2*0)/(-2). Let d(o) = -o**3 + o**2 + 26. What is the units digit of d(h)?
6
Let n = 8 + -6. Let v be (4 - n)/(2/11). Suppose 0 = 5*r - v - 44. What is the units digit of r?
1
Suppose 0 = -4*h + 12*h - 552. What is the units digit of h?
9
Suppose -7*f + 2*f = 0. Let b be (f - -3 - -33) + 3. Suppose l = 4*j + 6*l - 56, 3*j = -3*l + b. What is the units digit of j?
9
Let x(n) = n**2. Let j(m) = -m**3 + 6*m**2 - m + 5. Let t be j(6). Let z be x(t). What is the units digit of (-21 - 3)*z/(-3)?
8
Suppose 4 = -5*r - 86. What is the units digit of 4/r + (-382)/(-18)?
1
Let j(d) = -d. Let q(f) = 5*f. Let b(o) = -4*j(o) - q(o). Let h(v) = 7*v + 1. Let i(z) = -6*b(z) - h(z). What is the units digit of i(-5)?
4
Suppose -3*v - 5*h + 6 = 0, -v + 0 = 2*h - 2. What is the units digit of v*6 + (2 - 1)?
3
Let m(k) = -k**3 + 2*k**3 + 3*k**2 + 0*k**3 - 8*k**2 + 4 - 3*k. What is the tens digit of m(6)?
2
Let r = 127 - 41. What is the units digit of r?
6
Suppose 2*x + 55 = -3*u, 0 = -2*u + u + x - 10. Let j = -10 - u. Suppose 7 + 13 = j*q. What is the units digit of q?
4
Let z(p) = -p**2 - 9*p - 3. Let o be z(-8). Suppose o*t = 10, -4*d + 0*t + t = -42. What is the units digit of d?
1
Let q(d) be the first derivative of d**3/3 - d**2/2 + 3*d - 1. Let w be q(0). What is the units digit of 1*6/w - 1?
1
Let w(b) = b**3 - 10*b**2 + 10. Suppose -3*r - 2*d + 24 = 0, -2*d - 9 = 4*r - 43. What is the tens digit of w(r)?
1
Let y(r) = -8*r - 1. Let o be y(-1). Let p = o - 3. Let w(b) = 3*b - 5. What is the units digit of w(p)?
7
Suppose -r + 0*r = 0. Suppose -c + 3*w + 24 = 0, 2*c + 0*c - 5*w - 45 = r. What is the tens digit of c?
1
Let c = 14 - -2. What is the tens digit of c?
1
Let s(p) = 2*p - 9. Let l(h) = 12*h**2. Let c be l(1). What is the units digit of s(c)?
5
Suppose -2*r = -5*k + 27, -k + 1 = 8*r - 4*r. Suppose k*v - 5*j = 80, -3*v - v = -5*j - 67. What is the tens digit of v?
1
Let p(f) = -5*f - 11. Let v = -23 + 16. What is the tens digit of p(v)?
2
Let y = -23 + 58. Let o be (5/(-3))/(15/(-54)). Suppose -o*d + y = -d. What is the units digit of d?
7
Suppose 3*x = -5*q + 337, -5*q + 3*x = -0*x - 343. What is the units digit of q?
8
Let k(p) = 8*p**2 - 8*p - 9. What is the units digit of k(7)?
7
Suppose -21*l = -15*l - 1098. What is the units digit of l?
3
What is the tens digit of (-336)/(-10) - (-51)/(-85)?
3
Suppose 0 = -3*b - 0*b + i + 376, 3*i + 136 = b. What is the hundreds digit of b?
1
Suppose 6 = r + 2*r. What is the units digit of (-3)/((-2)/(r/1))?
3
Suppose -2*n + 10 = -j - 4*j, 5*n = 5*j + 10. What is the units digit of ((-2 - j) + 51)/1?
1
Let g = 149 + -97. What is the tens digit of g?
5
What is the tens digit of (-8)/12*99/6*-13?
4
Let u(a) = a**2 - 8*a - 4. Let x be u(9). Let s(z) = -6*z**2 + 6 + 5*z**2 - 9 - x*z. What is the units digit of s(-3)?
3
Let t(h) = h**2 + 2*h + 1. Let r be t(-2). What is the units digit of 126/8 + r/4?
6
Suppose 2*a = 147 + 173. Let q = a + -110. What is the units digit of q?
0
Let d(g) = g**2 + 7*g + 25. What is the units digit of d(-11)?
9
Let y = 9 - 6. Suppose r + 1 = u + 4*u, -13 = y*u - 4*r. What is the units digit of u?
1
Let c be 2/(1 + 9/(-12)). Let k(j) = j**2 - 8*j + 10. Let r be k(c). What is the units digit of -3*(-1 + r/(-6))?
8
Suppose -3*i + 1 = -8. What is the tens digit of 3*(i + (-10)/(-6))?
1
Suppose 3*j - 70 = -2*j. Let f = 10 - j. Let y = f - -10. What is the units digit of y?
6
Suppose -2*q = 2*g - 90, 3*g = -3*q + 2*q + 129. What is the tens digit of g?
4
Suppose 2*k - 12 = -k. Suppose m + 99 = 4*j - 24, -48 = -2*j - 4*m. Suppose 10 + j = k*v. What is the tens digit of v?
1
Let q(k) = 77*k**2 - 2*k + 2. What is the units digit of q(2)?
6
Suppose -6 - 6 = -4*i. Let g(o) = o + 4. Let j be g(-4). Suppose j = -3*r - 15, i*r + 0*r = -5*q + 5. What is the units digit of q?
4
Let p(n) be the first derivative of -n**5/20 - n**4/4 - n**3/3 - 2*n**2 + 2*n - 1. Let r(c) be the first derivative of p(c). What is the tens digit of r(-4)?
2
Suppose 0 = 3*t - 4 + 1. Let w(v) be the second derivative of 3*v**5/20 + v**3/6 - 5*v. What is the units digit of w(t)?
4
Let r(y) = y**3 + 11*y**2 + 4. Let n be r(-11). Suppose -n*j = -j - 57. What is the tens digit of j?
1
Let j be 67 + (2 - 4 - -4). Suppose -j = 5*v - 8*v. What is the units digit of v?
3
Suppose -38 = -4*a - 2*x, -16 - 9 = -2*a + 5*x. What is the tens digit of a?
1
Let w = 11 - 11. Suppose w = 2*g + 3*q - 23, -g + 3 + 11 = 4*q. What is the units digit of g?
0
Suppose 10*k - 375 = 5*k - 5*h, -2*k + 5*h = -115. What is the tens digit of k?
7
Let r be (-7)/((-21)/30) - 2. Suppose -3*t + 4*t = 4*m - 1, 2*m - r = -2*t. What is the units digit of t?
3
Let s be 2/6*0/2. Let v be (s - (2 - 1))*0. Suppose v = -y + 8 - 0. What is the units digit of y?
8
Let a = -17 + 24. Suppose -h = m, a - 22 = -4*m + h. What is the units digit of m?
3
Let y be 9/2 + 4/8. Let i = y + -2. Suppose 0 = -i*w + 3 + 3. What is the units digit of w?
2
Suppose -4*a + 868 = -0*a + 4*o, 3*a - 651 = -4*o. What is the tens digit of a?
1
Suppose 46 - 1450 = -6*l. What is the units digit of l?
4
Let n = 31 + -15. What is the units digit of n?
6
Suppose 0*l - 3*l = 60. Let p be l/6*(-12)/8. Suppose 0 = -2*a + p*w - 1, -4*a = -w - 1 - 6. What is the units digit of a?
2
Let i be 12*(2 - 1 - 2). What is the units digit of i*3/(-9)*2?
8
Suppose 2*r = -4*u + 354, 4*r - 692 = -5*u + u. What is the hundreds digit of r?
1
Let y = -10 - -38. What is the units digit of y?
8
Suppose 0 = q - 1, 5*p + 4*q = 15 - 1. What is the units digit of p?
2
Let r(f) = -12*f - 21. What is the tens digit of r(-7)?
6
Suppose 145 = 4*k + k + 5*g, 3*g - 27 = -k. What is the units digit of k?
0
Let s be 118/1 + 0 + 1. Let d = -82 + s. What is the units digit of d?
7
Let v(d) = -d**2 - 2*d + 1. Let x be v(-2). Suppose 2*k + k + 3*q = 21, 2*k - q - 14 = 0. What is the units digit of (x - -1)*k/2?
7
Let q(l) = -4*l + 4. Let a be q(-3). Suppose -6 = -f + a. Let u = f - 14. What is the units digit of u?
8
Let x = -14 - -7. Let f(t) = -t**2 - 9*t - 4. What is the tens digit of f(x)?
1
Let k(b) = 2*b + 1. Let p(c) = -c**3 - 4*c**2 - 4*c. Let w be p(-3). Let t be k(w). Let m = t + -2. What is the units digit of m?
5
Suppose -153 = -x + 94. What is the units digit of x?
7
Suppose 0 = 5*a + 38 + 22. Let j be (0 + -1)/((-2)/a). What is the units digit of 4/6 - 8/j?
2
Let p(z) = -z + 9. Let f = 12 - 4. Let o be p(f). What is the units digit of 1 + o + (1 - -6)?
9
Suppose 5 = 3*q + 4*r - 18, 2*q - 4*r - 2 = 0. Suppose q*a = 12 + 8. What is the units digit of -26*(0 + (-2)/a)?
3
Suppose 0*f = 3*f + 5*l - 160, -2*l = 3*f - 163. What is the units digit of f?
5
What is the tens digit of 37/((4/8)/1)?
7
Suppose -6*y + 90 = -3*y. Let r = y - 51. What is the units digit of (-6)/r + (-52)/(-14)?
4
Let h(j) be the second deriva